 -6*p + 1. What is t(0)?
1
Let x(c) = -3*c**2 + 72*c + 75. Calculate x(25).
0
Let s(a) = -5*a**2 + 8*a - 3. Calculate s(3).
-24
Let h(p) = 7*p - 8. Determine h(1).
-1
Let o(p) = -p**2 - 16*p + 17. Determine o(-19).
-40
Let k(t) = -t**3 - 10*t**2 - 9*t + 1. Calculate k(-9).
1
Let l(d) = d**2 - 3*d - 3. What is l(3)?
-3
Let s(w) = 26*w**2. What is s(-1)?
26
Let i(h) = h**2 + 4*h - 7. Calculate i(-5).
-2
Let a(x) = x**2 - 3*x + 2. Give a(0).
2
Let q(w) = -52*w - 2. Determine q(1).
-54
Let t(n) = -n**3 - 2*n**2 - 2*n - 3. What is t(-2)?
1
Let b(y) = -y**3 - 9*y**2 - y - 9. What is b(-9)?
0
Let k(q) = -3*q - 17. Calculate k(-14).
25
Let a(w) = -6*w - 61. Give a(-8).
-13
Let d(m) = -m**2 + 22*m + 47. What is d(24)?
-1
Let l(n) = n - 21. Give l(10).
-11
Let x(w) = -11*w + 152. Calculate x(15).
-13
Let f(o) = o**2 - 9*o. Give f(9).
0
Let f(m) = -m**2 - 8*m - 35. Give f(0).
-35
Let w(l) = 12*l - 18. Calculate w(6).
54
Let p(l) = 6*l - 16. Calculate p(22).
116
Let v(a) = 18*a**2 - 89*a - 4. Determine v(5).
1
Let h(t) = -t**2 - 9*t + 131. Give h(-17).
-5
Let l(z) = 21*z - 172. Give l(8).
-4
Let b(f) = -f**2 + 15*f + 25. What is b(17)?
-9
Let y(i) = -2*i**3 + 53*i**2 - 23*i - 80. Calculate y(26).
-2
Let c(o) = -o**2 - 10*o + 7. Give c(0).
7
Let l(b) = -b**3 - 8*b**2 + 8*b - 11. What is l(-9)?
-2
Let t(o) = o**2 - 8*o + 24. What is t(13)?
89
Let z(v) = -v**3 - 29*v**2 + v + 19. Give z(-29).
-10
Let v(p) = p**3 + 3*p**2 - 2*p - 11. Determine v(-2).
-3
Let g(f) = f - 13. Calculate g(-5).
-18
Let y(l) = 3*l - 61. Give y(19).
-4
Let i(k) = k**2 - 15*k + 22. Give i(0).
22
Let u(s) = -7*s + 95. What is u(13)?
4
Let q(k) = -10*k**3 + k**2 + 3*k - 5. Calculate q(2).
-75
Let v(w) = -w**2 + 8*w + 13. What is v(9)?
4
Let a(h) = -h**3 - 7*h**2 - 11*h + 7. What is a(-3)?
4
Let d(o) = -o**3 + 17*o**2 + 12*o + 65. What is d(18)?
-43
Let k(p) = p**3 - 26*p**2 - 27*p + 8. Give k(27).
8
Let m(b) = -b**3 + 3*b**2 - b + 26. Calculate m(4).
6
Let i(k) = k + 19. What is i(-15)?
4
Let i(z) = z**3 + 35*z**2 + 67*z + 36. Determine i(-33).
3
Let m(q) = -43*q**2 + 9*q - 8. What is m(1)?
-42
Let n(v) = -v**2 + 15*v - 3. Determine n(15).
-3
Let l(f) = -f**2 - 21*f - 38. Determine l(-19).
0
Let d(y) = -22*y + 134. Determine d(6).
2
Let y(u) = 7*u - 25. Calculate y(4).
3
Let p(i) = -i**3 - 6*i**2 + i + 14. What is p(-6)?
8
Let r(b) = -2*b**2 + 6*b + 2. Determine r(1).
6
Let d(l) = l**2 + 16*l + 19. What is d(-13)?
-20
Let y(o) = o**3 - 6*o**2 + 4*o + 1. Calculate y(6).
25
Let w(a) = a**3 - 15*a**2 + 57*a - 14. Determine w(7).
-7
Let y(p) = 4*p**2 - p - 15. Calculate y(-3).
24
Let n(d) = -5*d - 10. Give n(-4).
10
Let t(m) = -m**2 - 11*m. Give t(-9).
18
Let h(i) = -i**3 - 14*i**2 - 24*i + 8. What is h(-12)?
8
Let b(k) = -k**3 + 2*k**2 + 3*k - 2. Determine b(4).
-22
Let q(z) = -8*z + 3. Determine q(4).
-29
Let y(i) = -i**3 + 5*i**2 - 8*i + 17. What is y(2)?
13
Let y(a) = 2*a + 1. Give y(-6).
-11
Let x(s) = -s**2 - 20*s - 9. Determine x(-10).
91
Let k(x) = x**3 + 4*x**2. Give k(-4).
0
Let l(w) = -w**2 - 4*w + 2. Determine l(0).
2
Let o(w) = -17*w**3 + 2*w**2 - w. Calculate o(1).
-16
Let k(w) = 2*w**2 - 64*w - 214. Determine k(35).
-4
Let l(c) = -c**2 - c - 71. Calculate l(0).
-71
Let p(t) = t**2 - 7*t - 9. Calculate p(8).
-1
Let i(s) = s**2 + 6*s - 5. Determine i(-7).
2
Let l(j) = -j**3 + j**2 + 4*j - 2. Give l(2).
2
Let a(l) = -13*l - 10. Give a(7).
-101
Let j(p) = -p**2 + 11*p + 3. What is j(9)?
21
Let b(w) = 3*w**2 - 7*w - 10. Determine b(-4).
66
Let o(b) = 8*b + 6. Give o(-5).
-34
Let x(w) = w**2 + 1. Determine x(0).
1
Let n(i) = -i + 11. What is n(11)?
0
Let h(j) = -8*j + 43. Calculate h(6).
-5
Let q(d) = -29*d - 8. Calculate q(1).
-37
Let v(r) = r**3 + 10*r**2 + 26*r. Determine v(-6).
-12
Let k(b) = -35*b**3 + b**2 - 1. Calculate k(-1).
35
Let k(q) = -q**2 - 12*q - 25. Give k(-8).
7
Let j(z) = -3*z - 42. Determine j(0).
-42
Let f(i) = i**2 - 2*i - 25. What is f(6)?
-1
Let b(j) = 2*j**2 - 93*j - 52. Calculate b(47).
-5
Let u(a) = -a**2 - 8*a - 7. Calculate u(-3).
8
Let g(o) = -5*o - 2. Determine g(-2).
8
Let i(q) = -q**2 - 20*q - 21. Give i(-19).
-2
Let y(f) = -f**3 + 6*f**2 + 12*f - 31. Give y(6).
41
Let f(y) = y**2 - 2*y - 5. Calculate f(4).
3
Let v(p) = p**3 - p**2 + 2*p + 3. What is v(0)?
3
Let n(l) = 8*l + 92. What is n(-12)?
-4
Let x(f) = 14*f - 3. What is x(2)?
25
Let l(i) = -i**2 + 8*i + 54. Give l(12).
6
Let t(f) = 7*f + 21. Determine t(-9).
-42
Let y(h) = h + 4. Calculate y(-16).
-12
Let n(m) = -61*m + 974. Calculate n(16).
-2
Let g(d) = -d**3 - 10*d**2 + 42*d + 27. Give g(-13).
-12
Let j(a) = a + 4. What is j(-19)?
-15
Let p(i) = 2*i**2 - 10*i - 36. Give p(-3).
12
Let i(w) = -w**2 + 2*w - 1. Calculate i(2).
-1
Let w(v) = v**3 - v**2 - v + 39. What is w(0)?
39
Let i(j) = -19*j - 29. What is i(0)?
-29
Let l(f) = 14*f**3 - f**2. Give l(-1).
-15
Let t(h) = -2*h**2 - 53*h - 56. Give t(-25).
19
Let u(s) = 5*s + 11. What is u(-15)?
-64
Let i(s) = s**2 - 12*s - 23. Give i(14).
5
Let g(k) = -k**3 - 20*k**2 + 2*k + 50. Determine g(-20).
10
Let y(h) = h**2 - 14*h - 1. Give y(6).
-49
Let s(x) = -x**3 + 4*x**2 - 4*x + 1. Determine s(3).
-2
Let t(n) = n**3 + 12*n**2 + 2*n. Calculate t(-12).
-24
Let z(y) = 2*y - 1. Calculate z(4).
7
Let k(r) = 3*r + 70. Give k(-25).
-5
Let l(t) = 5*t + 35. What is l(-6)?
5
Let f(r) = 12*r - 164. Calculate f(10).
-44
Let k(f) = -211*f**3 + 3*f + 2. Give k(-1).
210
Let g(f) = -2*f - 20. Calculate g(-13).
6
Let q(w) = w**3 - 5*w**2 - 19*w. What is q(7)?
-35
Let s(n) = n**3 + 10*n**2 + 2*n + 13. Calculate s(-10).
-7
Let x(s) = -2*s**2 + 5*s + 40. What is x(6)?
-2
Let a(q) = q - 2. Calculate a(-6).
-8
Let w(t) = -t**3 + 8*t**2 - t + 6. Determine w(4).
66
Let n(t) = -t - 34. Determine n(-17).
-17
Let k(r) = 2*r**2 - 3*r - 3. Calculate k(-2).
11
Let l(w) = -w**2 - 30*w - 188. Give l(-21).
1
Let a(y) = -45*y + 28. Calculate a(0).
28
Let u(t) = 7*t + 26. Calculate u(-4).
-2
Let y(u) = 4*u**2 - 2*u + 4. Calculate y(2).
16
Let s(k) = 3*k - 1. What is s(-1)?
-4
Let g(v) = 4*v**2 - v - 12. What is g(-2)?
6
Let k(h) = 15*h**2 + 1244*h - 83. Determine k(-83).
0
Let d(q) = -3*q**2 + 4*q + 2. What is d(2)?
-2
Let n(f) = f**3 - 5*f**2 - f + 1. Give n(6).
31
Let x(c) = -c**2 + 12*c - 7. What is x(9)?
20
Let p(w) = 4*w + 21. Give p(-10).
-19
Let k(g) = -g**3 - 7*g**2 + 5*g + 3. Calculate k(-7).
-32
Let r(h) = -2*h**3 + 28*h**2 - 3*h + 16. What is r(14)?
-26
Let a(i) = -i**3 - 10*i**2 - 9*i - 10. What is a(-8)?
-66
Let l(y) = -y**2 + 6*y + 1. Determine l(-6).
-71
Let l(r) = 84*r - 1. What is l(0)?
-1
Let r(b) = -b**3 + 3*b**2 + 3*b + 4. What is r(4)?
0
Let a(g) = g**2 - 4*g. What is a(5)?
5
Let y(r) = -2*r**3 + 5*r**2 - 4*r. Give y(2).
-4
Let a(r) = 5*r**2 + 38*r + 1. Determine a(-8).
17
Let n(l) = -l**2 + 21*l + 55. What is n(23)?
9
Let d(y) = -y**3 - 12*y**2 - 15*y - 12. Give d(-11).
32
Let l(c) = c**2 - 9*c - 2. Determine l(7).
-16
Let i(n) = -13*n**2 + 12*n + 13. Determine i(-1).
-12
Let f(v) = v**3 + 3*v**2 - 3*v + 3. Determine f(-3).
12
Let b(r) = r**3 + 16*r**2 - r - 21. What is b(-16)?
-5
Let h(p) = p**3 + 11*p**2 - 14*p - 17. What is h(-12)?
7
Let z(b) = 4*b - 4. Give z(3).
8
Let s(z) = z - 2. Calculate s(14).
12
Let i(c) = -3*c + 6. What is i(-6)?
24
Let d(s) = -s**3 - 5*s - 4. Determine d(-1).
2
Let k(o) = o**2 - 12*o - 87. What is k(17)?
-2
Let l(n) = -n**2 + 16*n + 4. Calculate l(17).
-13
Let h(a) = 2*a - 10. Calculate h(3).
-4
Let p(a) = -a**3 - 36*a**2 - 178*a + 66. Determine p(-30).
6
Let k(n) = 59*n**3 + 5*n**2 - 5*n. Determine k(1).
59
Let w(x) = x**3 - 9*x**2 + 13*x - 27. What is w(8)?
13
Let x(f) = -f + 9. What is x(5)?
4
Let z(r) = -33*r - 199. Give z(-6).
-1
Let d(j) = 2*j**2 - 3*j + 2. Calculate d(2).
4
Let s(v) = -v**2 + v. Calculate s(-2).
-6
Let s(t) = -6*t + 4. What is s(3)?
-14
Let j(g) = 3*g + 14. What is j(-6)?
-4
Let v(s) = -s**3 + 6*s**2 - 2*s + 4. Give v(5).
19
Let d(p) = 64*p**2 + 5*p + 4. Determine d(-1).
63
Let z(u) = 9*u - 20. What is z(-2)?
-38
Let h(p) = p + 6. Give h(7).
13
Let r(x) = -x**3 + 12*x**2 + 17*x - 16. Calculate r(13).
36
Let y(s) = 4*s**3 + s**2 - 3*s + 2. What is y(1)?
4
Let g(l) = l**3 - 17*l**2 + 14*l + 25. What is g(16)?
-7
Let f(o) = o**3 + 5*o**2 + 3*o - 5. What is f(-5)?
-20
Let p(t) = -3*t**2 + 6*t - 1. Determine